{"id":1741,"date":"2025-02-13T11:19:50","date_gmt":"2025-02-13T11:19:50","guid":{"rendered":"https:\/\/pecedubovec.sk\/eshop\/?post_type=product&#038;p=1741"},"modified":"2025-02-13T11:19:51","modified_gmt":"2025-02-13T11:19:51","slug":"ramik-pre-prave-rohove-s-vysuvom-kv-intra-sm-bp-slim-g-uzky-3-cm-hlbka-7-4-cm-cierny-2","status":"publish","type":"product","link":"https:\/\/pecedubovec.sk\/eshop\/produkt\/ramik-pre-prave-rohove-s-vysuvom-kv-intra-sm-bp-slim-g-uzky-3-cm-hlbka-7-4-cm-cierny-2\/","title":{"rendered":"R\u00e1mik pre prav\u00e9 rohov\u00e9 s v\u00fdsuvom KV INTRA SM BP SLIM G, \u00fazky 3 cm, h\u013abka 7.4 cm, \u010dierny"},"content":{"rendered":"","protected":false},"excerpt":{"rendered":"","protected":false},"featured_media":0,"template":"","meta":[],"product_cat":[60],"product_tag":[],"class_list":{"0":"post-1741","1":"product","2":"type-product","3":"status-publish","5":"product_cat-ramik-pre-krbove-vlozky-defro","7":"first","8":"instock","9":"shipping-taxable","10":"purchasable","11":"product-type-simple"},"_links":{"self":[{"href":"https:\/\/pecedubovec.sk\/eshop\/wp-json\/wp\/v2\/product\/1741","targetHints":{"allow":["GET"]}}],"collection":[{"href":"https:\/\/pecedubovec.sk\/eshop\/wp-json\/wp\/v2\/product"}],"about":[{"href":"https:\/\/pecedubovec.sk\/eshop\/wp-json\/wp\/v2\/types\/product"}],"wp:attachment":[{"href":"https:\/\/pecedubovec.sk\/eshop\/wp-json\/wp\/v2\/media?parent=1741"}],"wp:term":[{"taxonomy":"product_cat","embeddable":true,"href":"https:\/\/pecedubovec.sk\/eshop\/wp-json\/wp\/v2\/product_cat?post=1741"},{"taxonomy":"product_tag","embeddable":true,"href":"https:\/\/pecedubovec.sk\/eshop\/wp-json\/wp\/v2\/product_tag?post=1741"}],"curies":[{"name":"wp","href":"https:\/\/api.w.org\/{rel}","templated":true}]}}