{"id":1769,"date":"2025-02-13T13:16:07","date_gmt":"2025-02-13T13:16:07","guid":{"rendered":"https:\/\/pecedubovec.sk\/eshop\/?post_type=product&#038;p=1769"},"modified":"2025-02-13T20:16:44","modified_gmt":"2025-02-13T20:16:44","slug":"krbove-kachle-ignis-ocel-cierna-boky-cierne-rovne-presklenie-cpv","status":"publish","type":"product","link":"https:\/\/pecedubovec.sk\/eshop\/produkt\/krbove-kachle-ignis-ocel-cierna-boky-cierne-rovne-presklenie-cpv\/","title":{"rendered":"Krbov\u00e9 kachle IGNIS, oce\u013e \u010dierna \/ boky \u010dierne, rovn\u00e9 presklenie, CPV"},"content":{"rendered":"<p><b>Dostupnos\u0165: na objedn\u00e1vku &#8211; overte zavolan\u00edm na +421 904 174 196.<\/b><\/p>\n<div class=\"detail-text\">Kachle, ktor\u00e9 zmenia ak\u00fdko\u013evek interi\u00e9r, modern\u00fd dizajn z novej kolekcie IGNIS. Presklenie dvierok v\u00e1m umo\u017e\u0148uje n\u00e1dhern\u00fd poh\u013ead na ohe\u0148. Rysy na prednej strane kachl\u00ed vytv\u00e1raj\u00fa r\u00e1m\u010dek, \u010do zaru\u010duje kompaktn\u00fd, pr\u00edjemn\u00fd dojem. Modern\u00fd a kompaktn\u00fd \u0161t\u00fdl e\u0161te vyzdvihuje dizajn a funk\u010dnos\u0165 tohto modelu. Mo\u017enos\u0165 pr\u00edvodu vzduchu do krbu zo spodnej a zadnej \u010dasti.<\/div>\n<div class=\"section-title\">Technick\u00e9 \u00fadaje:<\/div>\n<div class=\"row parameters\">\n<div class=\"col-md-6\">\n<dl>\n<dt>Menovit\u00fd v\u00fdkon<\/dt>\n<dd><span style=\"vertical-align: inherit;\"><span style=\"vertical-align: inherit;\">9 kW<\/span><\/span><\/dd>\n<\/dl>\n<dl>\n<dt>Vyhrievan\u00fd priestor<\/dt>\n<dd><span style=\"vertical-align: inherit;\"><span style=\"vertical-align: inherit;\">130 <\/span><\/span><sup><span style=\"vertical-align: inherit;\"><span style=\"vertical-align: inherit;\">m3<\/span><\/span><\/sup><\/dd>\n<\/dl>\n<dl>\n<dt>\u00da\u010dinnos\u0165<\/dt>\n<dd><span style=\"vertical-align: inherit;\"><span style=\"vertical-align: inherit;\">75,5 %<\/span><\/span><\/dd>\n<\/dl>\n<dl>\n<dt>V\u00fdvod dymovodu<\/dt>\n<dd>zadn\u00fd<\/dd>\n<\/dl>\n<dl>\n<dt>Priemer dymovodu<\/dt>\n<dd><span style=\"vertical-align: inherit;\"><span style=\"vertical-align: inherit;\">150 mm<\/span><\/span><\/dd>\n<\/dl>\n<\/div>\n<div class=\"col-md-6\">\n<dl>\n<dt>Palivo<\/dt>\n<dd>drevo, dreven\u00e9 brikety<\/dd>\n<\/dl>\n<dl>\n<dt>Farebn\u00e9 vyhotovenie<\/dt>\n<dd>\u010dierna<\/dd>\n<\/dl>\n<dl>\n<dt>Hmotnos\u0165<\/dt>\n<dd><span style=\"vertical-align: inherit;\"><span style=\"vertical-align: inherit;\">152 kg<\/span><\/span><\/dd>\n<\/dl>\n<dl>\n<dt>\u0160\u00edrka<\/dt>\n<dd><span style=\"vertical-align: inherit;\"><span style=\"vertical-align: inherit;\">600 mm<\/span><\/span><\/dd>\n<\/dl>\n<dl>\n<dt>V\u00fd\u0161ka<\/dt>\n<dd><span style=\"vertical-align: inherit;\"><span style=\"vertical-align: inherit;\">1139 mm<\/span><\/span><\/dd>\n<\/dl>\n<dl>\n<dt>H\u013abka<\/dt>\n<dd><span style=\"vertical-align: inherit;\"><span style=\"vertical-align: inherit;\">398 mm<\/span><\/span><\/dd>\n<dd><\/dd>\n<\/dl>\n<\/div>\n<\/div>\n","protected":false},"excerpt":{"rendered":"<p>Dostupnos\u0165: na objedn\u00e1vku &#8211; overte zavolan\u00edm na +421 904 174 196. Kachle, ktor\u00e9 zmenia ak\u00fdko\u013evek interi\u00e9r, modern\u00fd dizajn z novej kolekcie IGNIS. Presklenie dvierok v\u00e1m umo\u017e\u0148uje n\u00e1dhern\u00fd poh\u013ead na ohe\u0148. Rysy na prednej strane kachl\u00ed vytv\u00e1raj\u00fa r\u00e1m\u010dek, \u010do zaru\u010duje kompaktn\u00fd, pr\u00edjemn\u00fd dojem. Modern\u00fd a kompaktn\u00fd \u0161t\u00fdl e\u0161te vyzdvihuje dizajn a funk\u010dnos\u0165 tohto modelu. Mo\u017enos\u0165 pr\u00edvodu [&hellip;]<\/p>\n","protected":false},"featured_media":1791,"template":"","meta":[],"product_cat":[59],"product_tag":[],"class_list":{"0":"post-1769","1":"product","2":"type-product","3":"status-publish","4":"has-post-thumbnail","6":"product_cat-krbove-kachle-defro","8":"first","9":"instock","10":"shipping-taxable","11":"purchasable","12":"product-type-simple"},"_links":{"self":[{"href":"https:\/\/pecedubovec.sk\/eshop\/wp-json\/wp\/v2\/product\/1769","targetHints":{"allow":["GET"]}}],"collection":[{"href":"https:\/\/pecedubovec.sk\/eshop\/wp-json\/wp\/v2\/product"}],"about":[{"href":"https:\/\/pecedubovec.sk\/eshop\/wp-json\/wp\/v2\/types\/product"}],"wp:featuredmedia":[{"embeddable":true,"href":"https:\/\/pecedubovec.sk\/eshop\/wp-json\/wp\/v2\/media\/1791"}],"wp:attachment":[{"href":"https:\/\/pecedubovec.sk\/eshop\/wp-json\/wp\/v2\/media?parent=1769"}],"wp:term":[{"taxonomy":"product_cat","embeddable":true,"href":"https:\/\/pecedubovec.sk\/eshop\/wp-json\/wp\/v2\/product_cat?post=1769"},{"taxonomy":"product_tag","embeddable":true,"href":"https:\/\/pecedubovec.sk\/eshop\/wp-json\/wp\/v2\/product_tag?post=1769"}],"curies":[{"name":"wp","href":"https:\/\/api.w.org\/{rel}","templated":true}]}}