{"id":1922,"date":"2025-06-04T17:19:43","date_gmt":"2025-06-04T17:19:43","guid":{"rendered":"https:\/\/pecedubovec.sk\/eshop\/?post_type=product&#038;p=1922"},"modified":"2025-06-04T17:22:36","modified_gmt":"2025-06-04T17:22:36","slug":"ru03_keramicke-potrubie","status":"publish","type":"product","link":"https:\/\/pecedubovec.sk\/eshop\/produkt\/ru03_keramicke-potrubie\/","title":{"rendered":"Ru03_Keramick\u00e9 potrubie"},"content":{"rendered":"<div class=\"oferta_poj__text--flex\">\n<p>rozmery:<\/p>\n<p><span style=\"vertical-align: inherit;\"><span style=\"vertical-align: inherit;\">\u0159256 x 400, otvor \u0159222<\/span><\/span><\/p>\n<\/div>\n<div class=\"oferta_poj__text--flex\">\n<p><span style=\"vertical-align: inherit;\"><span style=\"vertical-align: inherit;\">symbol:<\/span><\/span><\/p>\n<p><span style=\"vertical-align: inherit;\"><span style=\"vertical-align: inherit;\">Ru03<\/span><\/span><\/p>\n<p>Pre objedn\u00e1vku volajte\u00a0<strong><a href=\"tel:+421904174196\">0904 174 196<\/a><\/strong><\/p>\n<\/div>\n","protected":false},"excerpt":{"rendered":"<p>rozmery: \u0159256 x 400, otvor \u0159222 symbol: Ru03 Pre objedn\u00e1vku volajte\u00a00904 174 196<\/p>\n","protected":false},"featured_media":1924,"template":"","meta":[],"product_cat":[64,18],"product_tag":[],"class_list":{"0":"post-1922","1":"product","2":"type-product","3":"status-publish","4":"has-post-thumbnail","6":"product_cat-keramicke-potrubie-s-rozetami","7":"product_cat-kachlice","9":"first","10":"instock","11":"shipping-taxable","12":"product-type-simple"},"_links":{"self":[{"href":"https:\/\/pecedubovec.sk\/eshop\/wp-json\/wp\/v2\/product\/1922","targetHints":{"allow":["GET"]}}],"collection":[{"href":"https:\/\/pecedubovec.sk\/eshop\/wp-json\/wp\/v2\/product"}],"about":[{"href":"https:\/\/pecedubovec.sk\/eshop\/wp-json\/wp\/v2\/types\/product"}],"wp:featuredmedia":[{"embeddable":true,"href":"https:\/\/pecedubovec.sk\/eshop\/wp-json\/wp\/v2\/media\/1924"}],"wp:attachment":[{"href":"https:\/\/pecedubovec.sk\/eshop\/wp-json\/wp\/v2\/media?parent=1922"}],"wp:term":[{"taxonomy":"product_cat","embeddable":true,"href":"https:\/\/pecedubovec.sk\/eshop\/wp-json\/wp\/v2\/product_cat?post=1922"},{"taxonomy":"product_tag","embeddable":true,"href":"https:\/\/pecedubovec.sk\/eshop\/wp-json\/wp\/v2\/product_tag?post=1922"}],"curies":[{"name":"wp","href":"https:\/\/api.w.org\/{rel}","templated":true}]}}