{"id":20,"date":"2024-10-02T11:48:12","date_gmt":"2024-10-02T11:48:12","guid":{"rendered":"https:\/\/pecedubovec.sk\/eshop\/?post_type=product&#038;p=20"},"modified":"2024-10-02T11:49:30","modified_gmt":"2024-10-02T11:49:30","slug":"klieste-na-obklad-a-dlazbu","status":"publish","type":"product","link":"https:\/\/pecedubovec.sk\/eshop\/produkt\/klieste-na-obklad-a-dlazbu\/","title":{"rendered":"KLIE\u0160TE NA OBKLAD A DLA\u017dBU"},"content":{"rendered":"","protected":false},"excerpt":{"rendered":"<h3>Tovar je mo\u017en\u00e9 objedna\u0165 po telefonickom rozhovore!<\/h3>\n<h2><span style=\"color: #ff6600;\"><strong>Volajte<\/strong>: <a style=\"color: #ff6600;\" href=\"tel:+421 904 174 196\">+421 904 174 196<\/a><\/span><\/h2>\n","protected":false},"featured_media":71,"template":"","meta":[],"product_cat":[],"product_tag":[],"class_list":{"0":"post-20","1":"product","2":"type-product","3":"status-publish","4":"has-post-thumbnail","7":"first","8":"outofstock","9":"shipping-taxable","10":"purchasable","11":"product-type-simple"},"_links":{"self":[{"href":"https:\/\/pecedubovec.sk\/eshop\/wp-json\/wp\/v2\/product\/20","targetHints":{"allow":["GET"]}}],"collection":[{"href":"https:\/\/pecedubovec.sk\/eshop\/wp-json\/wp\/v2\/product"}],"about":[{"href":"https:\/\/pecedubovec.sk\/eshop\/wp-json\/wp\/v2\/types\/product"}],"wp:featuredmedia":[{"embeddable":true,"href":"https:\/\/pecedubovec.sk\/eshop\/wp-json\/wp\/v2\/media\/71"}],"wp:attachment":[{"href":"https:\/\/pecedubovec.sk\/eshop\/wp-json\/wp\/v2\/media?parent=20"}],"wp:term":[{"taxonomy":"product_cat","embeddable":true,"href":"https:\/\/pecedubovec.sk\/eshop\/wp-json\/wp\/v2\/product_cat?post=20"},{"taxonomy":"product_tag","embeddable":true,"href":"https:\/\/pecedubovec.sk\/eshop\/wp-json\/wp\/v2\/product_tag?post=20"}],"curies":[{"name":"wp","href":"https:\/\/api.w.org\/{rel}","templated":true}]}}