{"id":824,"date":"2024-10-02T11:54:28","date_gmt":"2024-10-02T11:54:28","guid":{"rendered":"https:\/\/pecedubovec.sk\/eshop\/?post_type=product&#038;p=824"},"modified":"2025-02-24T10:43:48","modified_gmt":"2025-02-24T10:43:48","slug":"krbove-kachle-solum-box-ocel-cierna-boky-cierne-rovne-presklenie-cpv","status":"publish","type":"product","link":"https:\/\/pecedubovec.sk\/eshop\/produkt\/krbove-kachle-solum-box-ocel-cierna-boky-cierne-rovne-presklenie-cpv\/","title":{"rendered":"KRBOV\u00c9 KACHLE SOLUM BOX, OCE\u013d \u010cIERNA \/ BOKY \u010cIERNE, ROVN\u00c9 PRESKLENIE, CPV"},"content":{"rendered":"<h4 class=\"section-title\"><strong>Technick\u00e9 \u00fadaje:<\/strong><\/h4>\n<div class=\"row parameters\">\n<div class=\"col-md-6\">\n<dl>\n<dt>Menovit\u00fd v\u00fdkon: 9 kW<\/dt>\n<\/dl>\n<dl>\n<dt>Vyhrievan\u00fd priestor: 130 m<sup>3<\/sup><\/dt>\n<\/dl>\n<dl>\n<dt>\u00da\u010dinnos\u0165: 75.5%<\/dt>\n<\/dl>\n<dl>\n<dt>V\u00fdvod dymovodu: zadn\u00fd<\/dt>\n<\/dl>\n<dl>\n<dt>Priemer dymovodu: 150 mm<\/dt>\n<\/dl>\n<\/div>\n<div class=\"col-md-6\">\n<dl>\n<dt>Palivo: drevo, dreven\u00e9 brikety<\/dt>\n<\/dl>\n<dl>\n<dt>Farebn\u00e9 vyhotovenie: \u010dierna<\/dt>\n<\/dl>\n<dl>\n<dt>Hmotnos\u0165: 165 kg<\/dt>\n<\/dl>\n<dl>\n<dt>\u0160\u00edrka: 599 mm<\/dt>\n<\/dl>\n<dl>\n<dt>V\u00fd\u0161ka: 1189 mm<\/dt>\n<\/dl>\n<dl>\n<dt>H\u013abka: 400 mm<\/dt>\n<\/dl>\n<\/div>\n<\/div>\n","protected":false},"excerpt":{"rendered":"<p>Technick\u00e9 \u00fadaje: Menovit\u00fd v\u00fdkon: 9 kW Vyhrievan\u00fd priestor: 130 m3 \u00da\u010dinnos\u0165: 75.5% V\u00fdvod dymovodu: zadn\u00fd Priemer dymovodu: 150 mm Palivo: drevo, dreven\u00e9 brikety Farebn\u00e9 vyhotovenie: \u010dierna Hmotnos\u0165: 165 kg \u0160\u00edrka: 599 mm V\u00fd\u0161ka: 1189 mm H\u013abka: 400 mm<\/p>\n","protected":false},"featured_media":854,"template":"","meta":[],"product_cat":[59],"product_tag":[],"class_list":{"0":"post-824","1":"product","2":"type-product","3":"status-publish","4":"has-post-thumbnail","6":"product_cat-krbove-kachle-defro","8":"first","9":"instock","10":"sale","11":"shipping-taxable","12":"purchasable","13":"product-type-simple"},"_links":{"self":[{"href":"https:\/\/pecedubovec.sk\/eshop\/wp-json\/wp\/v2\/product\/824","targetHints":{"allow":["GET"]}}],"collection":[{"href":"https:\/\/pecedubovec.sk\/eshop\/wp-json\/wp\/v2\/product"}],"about":[{"href":"https:\/\/pecedubovec.sk\/eshop\/wp-json\/wp\/v2\/types\/product"}],"wp:featuredmedia":[{"embeddable":true,"href":"https:\/\/pecedubovec.sk\/eshop\/wp-json\/wp\/v2\/media\/854"}],"wp:attachment":[{"href":"https:\/\/pecedubovec.sk\/eshop\/wp-json\/wp\/v2\/media?parent=824"}],"wp:term":[{"taxonomy":"product_cat","embeddable":true,"href":"https:\/\/pecedubovec.sk\/eshop\/wp-json\/wp\/v2\/product_cat?post=824"},{"taxonomy":"product_tag","embeddable":true,"href":"https:\/\/pecedubovec.sk\/eshop\/wp-json\/wp\/v2\/product_tag?post=824"}],"curies":[{"name":"wp","href":"https:\/\/api.w.org\/{rel}","templated":true}]}}