{"id":906,"date":"2024-10-02T11:54:53","date_gmt":"2024-10-02T11:54:53","guid":{"rendered":"https:\/\/pecedubovec.sk\/eshop\/?post_type=product&#038;p=906"},"modified":"2024-10-02T11:55:11","modified_gmt":"2024-10-02T11:55:11","slug":"biblioteka","status":"publish","type":"product","link":"https:\/\/pecedubovec.sk\/eshop\/produkt\/biblioteka\/","title":{"rendered":"Biblioteka"},"content":{"rendered":"<p>cena kachl\u00ed v z\u00e1kladn\u00fdch farb\u00e1ch:<br \/>\n* Leskl\u00e1 Biela<br \/>\n* Leskl\u00e1\u00a0Kr\u00e9mova<br \/>\n*\u00a0Leskl\u00e1 Marhu\u013eova<br \/>\n*\u00a0Leskl\u00e1 Ecru<br \/>\n*\u00a0Leskl\u00e1 Modra<br \/>\n*\u00a0Leskl\u00e1 Siva<br \/>\n*\u00a0Leskl\u00e1 Klav\u00edrna \u010dierna<\/p>\n<p>Cenn\u00edk s dverkami :<\/p>\n<p style=\"text-align: left;\"><strong><em>dvierka s klasick\u00fdm sklom\u00a0 \u00a0 \u00a0 \u00a0 \u00a0 \u00a0 \u00a0 \u00a0 \u00a0 51\u00a0 \u00a0x 78 = 750\u20ac<\/em><\/strong><\/p>\n<p style=\"text-align: left;\"><strong><em>dvierka s klasick\u00fdm sklom\u00a0 \u00a0 \u00a0 \u00a0 \u00a0 \u00a0 \u00a0 \u00a0 \u00a057\u00a0 \u00a0 x 78 = 790\u20ac<\/em><\/strong><\/p>\n<p style=\"text-align: left;\"><strong><em>dvierka s klasick\u00fdm sklom\u00a0 \u00a0 \u00a0 \u00a0 \u00a0 \u00a0 \u00a0 \u00a0 \u00a078,5 x 79 = 860\u20ac<\/em><\/strong><\/p>\n<p style=\"text-align: left;\"><strong>dvierka so samo\u010distiacim sklom\u00a0 \u00a0 \u00a0 \u00a051\u00a0 \u00a0 x 78 = 850\u20ac<\/strong><\/p>\n<p style=\"text-align: left;\"><strong>dvierka so samo\u010distiacim sklom\u00a0 \u00a0 \u00a0 \u00a057\u00a0 \u00a0 x\u00a0 78= 900\u20ac<\/strong><\/p>\n<p style=\"text-align: left;\"><strong>dvierka so samo\u010distiacim sklom\u00a0 \u00a0 \u00a0 \u00a078,5 x\u00a0 79= 980\u20ac<\/strong><\/p>\n<p><strong><a href=\"https:\/\/pecedubovec.sk\/?page_id=3033\"><button type=\"submit\">Farebn\u00e9 prevedenia TU!<\/button><\/a><\/strong><\/p>\n","protected":false},"excerpt":{"rendered":"<p>cena z\u00e1kladnej farby bez dver\u00ed s DPH<\/p>\n<p class=\"western\" align=\"left\"><span style=\"color: #000000;\"><span style=\"font-family: Arial, serif;\"><span style=\"font-size: medium;\"><span>\u0161es\u0165 riadkov\u00a0 \u00a0= 4,780.00\u20ac<\/span><\/span><\/span><\/span><\/p>\n<p align=\"left\"><span style=\"color: #000000;\"><span style=\"font-family: Arial, serif;\"><span style=\"font-size: medium;\"><span>sedem riadkov = 5,260,00\u20ac<\/span><\/span><\/span><\/span><\/p>\n<p class=\"western\" align=\"left\"><span style=\"color: #000000;\"> <span style=\"font-family: Arial, serif;\"><span style=\"font-size: medium;\"><span>osem riadkov = 5,640,00\u20ac<\/span><\/span><\/span><\/span><\/p>\n","protected":false},"featured_media":931,"template":"","meta":[],"product_cat":[50],"product_tag":[],"class_list":{"0":"post-906","1":"product","2":"type-product","3":"status-publish","4":"has-post-thumbnail","6":"product_cat-kachlove-pece-a-krby-kafel-kar","8":"first","9":"instock","10":"shipping-taxable","11":"purchasable","12":"product-type-simple"},"_links":{"self":[{"href":"https:\/\/pecedubovec.sk\/eshop\/wp-json\/wp\/v2\/product\/906","targetHints":{"allow":["GET"]}}],"collection":[{"href":"https:\/\/pecedubovec.sk\/eshop\/wp-json\/wp\/v2\/product"}],"about":[{"href":"https:\/\/pecedubovec.sk\/eshop\/wp-json\/wp\/v2\/types\/product"}],"wp:featuredmedia":[{"embeddable":true,"href":"https:\/\/pecedubovec.sk\/eshop\/wp-json\/wp\/v2\/media\/931"}],"wp:attachment":[{"href":"https:\/\/pecedubovec.sk\/eshop\/wp-json\/wp\/v2\/media?parent=906"}],"wp:term":[{"taxonomy":"product_cat","embeddable":true,"href":"https:\/\/pecedubovec.sk\/eshop\/wp-json\/wp\/v2\/product_cat?post=906"},{"taxonomy":"product_tag","embeddable":true,"href":"https:\/\/pecedubovec.sk\/eshop\/wp-json\/wp\/v2\/product_tag?post=906"}],"curies":[{"name":"wp","href":"https:\/\/api.w.org\/{rel}","templated":true}]}}