{"id":946,"date":"2024-10-02T11:55:19","date_gmt":"2024-10-02T11:55:19","guid":{"rendered":"https:\/\/pecedubovec.sk\/eshop\/?post_type=product&#038;p=946"},"modified":"2024-10-02T11:56:18","modified_gmt":"2024-10-02T11:56:18","slug":"kolekcia-effekt","status":"publish","type":"product","link":"https:\/\/pecedubovec.sk\/eshop\/produkt\/kolekcia-effekt\/","title":{"rendered":"Kolekcia Effekt"},"content":{"rendered":"<p style=\"text-align: center;\"><img loading=\"lazy\" decoding=\"async\" src=\"http:\/\/pecedubovec.sk\/wp-content\/uploads\/2023\/03\/efekt.jpg\" alt=\"\" width=\"1016\" height=\"735\" class=\"alignnone size-full wp-image-3942\" \/><strong>Farebn\u00e9 prevedenia:<\/strong><\/p>\n<p><img loading=\"lazy\" decoding=\"async\" src=\"http:\/\/pecedubovec.sk\/wp-content\/uploads\/2023\/03\/10.jpg\" alt=\"\" width=\"1637\" height=\"385\" class=\"alignnone size-full wp-image-4033\" \/><\/p>\n","protected":false},"excerpt":{"rendered":"<h3><span><strong>cena za 1 ks s DPH<\/strong><\/span><\/h3>\n<h3><span><u><em>\u0160t\u00fdl, ktor\u00fd zaujme<\/em><\/u><\/span><\/h3>\n<p><span>Kolekcia, ktor\u00e1 zvl\u00e1dla umenie prekvapi\u0165 a wow!\u00a0Panely na prv\u00fd poh\u013ead vytv\u00e1raj\u00fa pokojn\u00fd opakuj\u00faci sa vzor.\u00a0\u010c\u00edm dlh\u0161ie sa na ne pozer\u00e1me, t\u00fdm viac v\u00fdznamov vypl\u00e1va na povrch.\u00a0Text\u00fara jemnej mrie\u017eky dod\u00e1va interi\u00e9ru dynamiku, up\u00fata pozornos\u0165 a panel p\u00f4sob\u00ed mimoriadne jemne.\u00a0A predsa m\u00e1 sol\u00eddnu hmotnos\u0165 a hr\u00fabku!\u00a0Kolekciu odpor\u00fa\u010dame do men\u0161\u00edch miestnost\u00ed, kde \u013eah\u0161ie ocen\u00edte plytk\u00fd reli\u00e9f a za\u017eijete pocit \u00fatulnosti, ktor\u00fd panel vytv\u00e1ra.<\/span><\/p>\n<div class=\"wymiary\">\n<div class=\"wymiary-icon\"><img loading=\"lazy\" decoding=\"async\" src=\"https:\/\/ceramicwall.pl\/storage\/photos\/shares\/Inne\/ID.svg\" width=\"25\" height=\"25\" \/><\/div>\n<div class=\"wymiary-name\"><span>Symbol:<\/span><\/div>\n<div class=\"wymiary-value\"><span>Ef44.01<\/span><\/div>\n<\/div>\n<div class=\"wymiary\">\n<div class=\"wymiary-icon\"><img decoding=\"async\" src=\"https:\/\/ceramicwall.pl\/storage\/photos\/shares\/reduce.svg\" \/><\/div>\n<div class=\"wymiary-name\"><span>Rozmery:<\/span><\/div>\n<div class=\"wymiary-value\"><span>440 x 220 x 22 mm<\/span><\/div>\n<\/div>\n<div class=\"wymiary\">\n<div class=\"wymiary-icon\"><img decoding=\"async\" src=\"https:\/\/ceramicwall.pl\/storage\/photos\/shares\/fabric%20(2).svg\" \/><\/div>\n<div class=\"wymiary-name\"><span>Materi\u00e1l:<\/span><\/div>\n<div class=\"wymiary-value\"><span>Keramika<\/span><\/div>\n<\/div>\n<div class=\"wymiary\">\n<div class=\"wymiary-icon\"><img loading=\"lazy\" decoding=\"async\" src=\"https:\/\/ceramicwall.pl\/storage\/photos\/shares\/Inne\/Waga2.png\" width=\"25\" height=\"25\" \/><\/div>\n<div class=\"wymiary-name\"><span>V\u00e1hy:<\/span><\/div>\n<div class=\"wymiary-value\"><span>3,38 kg<\/span><\/div>\n<\/div>\n<div><img decoding=\"async\" src=\"https:\/\/ceramicwall.pl\/storage\/photos\/shares\/KOLEKCJE\/Effect\/Effect%20Wymiary.webp\" alt=\"img\" \/><\/div>\n<div><img decoding=\"async\" src=\"https:\/\/ceramicwall.pl\/storage\/photos\/shares\/KOLEKCJE\/Effect\/Effect%20przekroje.webp\" \/><\/div>\n<div><strong><a href=\"http:\/\/pecedubovec.sk\/?page_id=3924\"><button type=\"submit\">Farebn\u00e9 prevedenia TU!<\/button><\/a><\/strong><\/div>\n","protected":false},"featured_media":991,"template":"","meta":[],"product_cat":[51],"product_tag":[],"class_list":{"0":"post-946","1":"product","2":"type-product","3":"status-publish","4":"has-post-thumbnail","6":"product_cat-keramicke-obklady-na-krby-a-pece","8":"first","9":"instock","10":"shipping-taxable","11":"purchasable","12":"product-type-simple"},"_links":{"self":[{"href":"https:\/\/pecedubovec.sk\/eshop\/wp-json\/wp\/v2\/product\/946","targetHints":{"allow":["GET"]}}],"collection":[{"href":"https:\/\/pecedubovec.sk\/eshop\/wp-json\/wp\/v2\/product"}],"about":[{"href":"https:\/\/pecedubovec.sk\/eshop\/wp-json\/wp\/v2\/types\/product"}],"wp:featuredmedia":[{"embeddable":true,"href":"https:\/\/pecedubovec.sk\/eshop\/wp-json\/wp\/v2\/media\/991"}],"wp:attachment":[{"href":"https:\/\/pecedubovec.sk\/eshop\/wp-json\/wp\/v2\/media?parent=946"}],"wp:term":[{"taxonomy":"product_cat","embeddable":true,"href":"https:\/\/pecedubovec.sk\/eshop\/wp-json\/wp\/v2\/product_cat?post=946"},{"taxonomy":"product_tag","embeddable":true,"href":"https:\/\/pecedubovec.sk\/eshop\/wp-json\/wp\/v2\/product_tag?post=946"}],"curies":[{"name":"wp","href":"https:\/\/api.w.org\/{rel}","templated":true}]}}